{"id":747,"date":"2019-01-11T13:24:20","date_gmt":"2019-01-11T19:24:20","guid":{"rendered":"http:\/\/perfilesbosch.com.mx\/app\/?post_type=product&#038;p=747"},"modified":"2019-01-11T14:40:17","modified_gmt":"2019-01-11T20:40:17","slug":"zocalo-para-cajas-de-perfil-de-cuba-sg-90","status":"publish","type":"product","link":"https:\/\/perfilesbosch.com.mx\/app\/producto\/zocalo-para-cajas-de-perfil-de-cuba-sg-90\/","title":{"rendered":"Z\u00f3calo para cajas de perfil de cuba SG-90"},"content":{"rendered":"<ul>\n<li>Para una disposici\u00f3n ergon\u00f3mica \u00f3ptima de las cajas de piecerios con recorridos de toma corto<\/li>\n<\/ul>\n<p><img fetchpriority=\"high\" decoding=\"async\" class=\"alignnone wp-image-767\" src=\"http:\/\/perfilesbosch.com.mx\/app\/wp-content\/uploads\/2019\/01\/DIAGRAMA-1.png\" alt=\"\" width=\"339\" height=\"339\" srcset=\"https:\/\/perfilesbosch.com.mx\/app\/wp-content\/uploads\/2019\/01\/DIAGRAMA-1.png 133w, https:\/\/perfilesbosch.com.mx\/app\/wp-content\/uploads\/2019\/01\/DIAGRAMA-1-90x90.png 90w, https:\/\/perfilesbosch.com.mx\/app\/wp-content\/uploads\/2019\/01\/DIAGRAMA-1-100x100.png 100w\" sizes=\"(max-width: 339px) 100vw, 339px\" \/><\/p>\n<p>&nbsp;<\/p>\n","protected":false},"excerpt":{"rendered":"<ul>\n<li>Medidas 90x149x315 mm<\/li>\n<li>Fijaci\u00f3n directa en el tablero de trabajo o en el perfil de soporte<\/li>\n<\/ul>\n<p><img decoding=\"async\" class=\"alignnone wp-image-678\" src=\"http:\/\/perfilesbosch.com.mx\/app\/wp-content\/uploads\/2019\/01\/795615-300x300.png\" alt=\"\" width=\"31\" height=\"31\" srcset=\"https:\/\/perfilesbosch.com.mx\/app\/wp-content\/uploads\/2019\/01\/795615-300x300.png 300w, https:\/\/perfilesbosch.com.mx\/app\/wp-content\/uploads\/2019\/01\/795615-230x230.png 230w, https:\/\/perfilesbosch.com.mx\/app\/wp-content\/uploads\/2019\/01\/795615-160x160.png 160w, https:\/\/perfilesbosch.com.mx\/app\/wp-content\/uploads\/2019\/01\/795615-400x400.png 400w, https:\/\/perfilesbosch.com.mx\/app\/wp-content\/uploads\/2019\/01\/795615-150x150.png 150w, https:\/\/perfilesbosch.com.mx\/app\/wp-content\/uploads\/2019\/01\/795615.png 512w\" sizes=\"(max-width: 31px) 100vw, 31px\" \/>\u00a0No.\u00a03842526660<\/p>\n","protected":false},"featured_media":768,"template":"","meta":[],"product_brand":[],"product_cat":[35,42],"product_tag":[],"class_list":{"0":"post-747","1":"product","2":"type-product","3":"status-publish","4":"has-post-thumbnail","6":"product_cat-accesorios-de-perfileria","7":"product_cat-racks-y-piecerios","9":"first","10":"instock","11":"featured","12":"shipping-taxable","13":"purchasable","14":"product-type-variable"},"_links":{"self":[{"href":"https:\/\/perfilesbosch.com.mx\/app\/wp-json\/wp\/v2\/product\/747","targetHints":{"allow":["GET"]}}],"collection":[{"href":"https:\/\/perfilesbosch.com.mx\/app\/wp-json\/wp\/v2\/product"}],"about":[{"href":"https:\/\/perfilesbosch.com.mx\/app\/wp-json\/wp\/v2\/types\/product"}],"version-history":[{"count":1,"href":"https:\/\/perfilesbosch.com.mx\/app\/wp-json\/wp\/v2\/product\/747\/revisions"}],"predecessor-version":[{"id":769,"href":"https:\/\/perfilesbosch.com.mx\/app\/wp-json\/wp\/v2\/product\/747\/revisions\/769"}],"wp:featuredmedia":[{"embeddable":true,"href":"https:\/\/perfilesbosch.com.mx\/app\/wp-json\/wp\/v2\/media\/768"}],"wp:attachment":[{"href":"https:\/\/perfilesbosch.com.mx\/app\/wp-json\/wp\/v2\/media?parent=747"}],"wp:term":[{"taxonomy":"product_brand","embeddable":true,"href":"https:\/\/perfilesbosch.com.mx\/app\/wp-json\/wp\/v2\/product_brand?post=747"},{"taxonomy":"product_cat","embeddable":true,"href":"https:\/\/perfilesbosch.com.mx\/app\/wp-json\/wp\/v2\/product_cat?post=747"},{"taxonomy":"product_tag","embeddable":true,"href":"https:\/\/perfilesbosch.com.mx\/app\/wp-json\/wp\/v2\/product_tag?post=747"}],"curies":[{"name":"wp","href":"https:\/\/api.w.org\/{rel}","templated":true}]}}

Zócalo para cajas de perfil de cuba SG-90

<ul>
<li>Para una disposición ergonómica óptima de las cajas de piecerios con recorridos de toma corto</li>
</ul>
<p><img fetchpriority="high" decoding="async" class="alignnone wp-image-767" src="http://perfilesbosch.com.mx/app/wp-content/uploads/2019/01/DIAGRAMA-1.png" alt="" width="339" height="339" srcset="https://perfilesbosch.com.mx/app/wp-content/uploads/2019/01/DIAGRAMA-1.png 133w, https://perfilesbosch.com.mx/app/wp-content/uploads/2019/01/DIAGRAMA-1-90x90.png 90w, https://perfilesbosch.com.mx/app/wp-content/uploads/2019/01/DIAGRAMA-1-100x100.png 100w" sizes="(max-width: 339px) 100vw, 339px" /></p>
<p>&nbsp;</p>

<ul>
<li>Medidas 90x149x315 mm</li>
<li>Fijación directa en el tablero de trabajo o en el perfil de soporte</li>
</ul>
<p><img decoding="async" class="alignnone wp-image-678" src="http://perfilesbosch.com.mx/app/wp-content/uploads/2019/01/795615-300x300.png" alt="" width="31" height="31" srcset="https://perfilesbosch.com.mx/app/wp-content/uploads/2019/01/795615-300x300.png 300w, https://perfilesbosch.com.mx/app/wp-content/uploads/2019/01/795615-230x230.png 230w, https://perfilesbosch.com.mx/app/wp-content/uploads/2019/01/795615-160x160.png 160w, https://perfilesbosch.com.mx/app/wp-content/uploads/2019/01/795615-400x400.png 400w, https://perfilesbosch.com.mx/app/wp-content/uploads/2019/01/795615-150x150.png 150w, https://perfilesbosch.com.mx/app/wp-content/uploads/2019/01/795615.png 512w" sizes="(max-width: 31px) 100vw, 31px" /> No. 3842526660</p>
